 j - 5 = 0. Suppose h = -h + s. Let a(v) = -v + 1. Determine a(h).
-1
Let x(k) = k**3 - 7*k**2 + 7*k - 4. Let h be x(6). Suppose 2*u - 8 = h. Let o(l) = l - l**2 + 4*l - l - 2. Calculate o(u).
-7
Let t be 2 + -2 - (0 - -5). Let y(g) be the first derivative of g**3/3 + g**2 - 7*g + 2. Calculate y(t).
8
Let z(r) = -r**2 + 6*r. Let p(b) = -5*b**2 + 25*b + 1. Let k(t) = -2*p(t) + 9*z(t). Determine k(-3).
-5
Let d(m) = -m**2 - 4*m - 4. Suppose 0*k + 12 = -4*k - 4*p, -13 = 3*k - p. What is d(k)?
-4
Let n(v) = v - 2. Let r be n(2). Let k(l) = l - 3. Give k(r).
-3
Let q = 6 - 3. Let p(f) = 0*f + 12*f - f**2 + 7*f - 23*f - 2 + 7*f. Calculate p(q).
-2
Let w(f) = -7*f + 3. Let n(v) = 34*v - 14. Let x(g) = -3*n(g) - 14*w(g). Calculate x(2).
-8
Suppose -7 = 3*p + 5. Let t(i) = i**3 + 3*i**2 - 3*i + 4. Let u be t(p). Let a(f) = f**3 + f**2 - f - 6. Calculate a(u).
-6
Let v(m) = 5*m**2 - m**2 - 3*m**2 + 6 + 5*m. Let q(j) = 2*j + 15. Let k be q(-10). Calculate v(k).
6
Let j(f) = 0*f + 6*f - 5*f. Calculate j(2).
2
Let z be 2*3/12*10. Let d(q) = -8 + q**3 + 0*q**3 - q**2 - q - 2*q**3 - z*q**2. Calculate d(-6).
-2
Let t(v) be the third derivative of v**4/24 - 5*v**3/6 + v**2 - 13. Suppose 5*q = -3*g - g - 41, -2 = -2*q + 3*g. Let d be 2/q - (-64)/10. Determine t(d).
1
Let t be 6 + (-250)/40 - 2/(-8). Let q(b) be the third derivative of t*b - 3*b**2 + 1/24*b**4 + 0 + b**3. Give q(-6).
0
Let d(r) = r**3 - 7*r**2 + 7*r - 3. Let q = -8 - -6. Let w be (-8)/10*15/q. What is d(w)?
3
Suppose 14 = -5*c + 4. Let m(w) = w**3 + 3*w**2 - 2*w - 4. Let g be m(-3). Let q(o) = 3*o**3 + o**g - 2*o**3 + 0*o**2. Give q(c).
-4
Let w(f) = -5*f + 3. Let l(y) = 3*y - 2. Let q(v) = -8*l(v) - 5*w(v). Suppose 202*m + 25 = 207*m. Determine q(m).
6
Let i(w) = -2 + 5*w**3 - 7*w**3 + 4*w**3 - w**2 - w. Determine i(2).
8
Let m(i) be the second derivative of i**4/2 + i**3/3 + i**2/2 - 14*i. Suppose 0 = 2*q + 2 - 0. What is m(q)?
5
Suppose 0 = -2*v + v. Suppose v = 2*c - 7*c + 125. Suppose 2*l + a - 19 = 4*a, -5*l + 3*a + c = 0. Let t(s) = s**3 - 3*s**2 + 3*s. Give t(l).
2
Let f(h) = 9*h**2 - 2 + h - 18*h**2 + 10*h**2. Give f(-3).
4
Let c(q) be the second derivative of q**3/2 + 3*q**2/2 - 3*q. Give c(-2).
-3
Let r(k) be the third derivative of -1/60*k**5 - 2/3*k**3 + 0*k + 0 + 1/8*k**4 + 4*k**2. Let t = 0 - -4. Determine r(t).
-8
Suppose -7*q = -8 + 1. Let g(v) = -v. What is g(q)?
-1
Let o(k) be the third derivative of 7/6*k**3 + 0 - 4*k**2 + 0*k + 3/8*k**4. Let p(u) = 8*u + 6. Let d(m) = 5*o(m) - 6*p(m). Determine d(1).
-4
Let i be (-81)/(-12) + 9/(-12). Let f(u) = -u**3 + 7*u**2 - 8*u + 6. Give f(i).
-6
Let r(k) = -k**3 - 2*k**2 - k + 1. Let p be r(-2). Let f = -5 + p. Let t be f/(-5) - 3/(-5). Let i(y) = -7*y**3 - y**2. Determine i(t).
-8
Suppose -3*l - 5*m = 2, 2*l - 5*m + m = 6. Let k(t) = -6*t + 1. Calculate k(l).
-5
Let c(w) = -w**2 - 4*w + 6. Suppose -4*q = 3*p - 78 + 16, 0 = 3*p + 6. Let h(m) = -4*m - 16 + 15*m - 1 + 3*m**2. Let v(z) = q*c(z) + 6*h(z). Calculate v(1).
-1
Let o be (-10)/8 - 75/20. Let c(z) be the second derivative of -z**4/12 - 5*z**3/6 + 7*z**2/2 + z. What is c(o)?
7
Let s(r) = r**2 + r + 1. Suppose 2*a - 4 = -2*a - 4*c, -4*a + 4*c - 12 = 0. Calculate s(a).
1
Let v(u) = 16*u**3 + 3*u**2 + 2*u - 1. Let y(j) = 33*j**3 + 7*j**2 + 5*j - 2. Let k(s) = -9*v(s) + 4*y(s). What is k(-1)?
12
Let t = 26/15 - -29/15. Let a(y) be the first derivative of -t*y**3 + 1/2*y**2 + 0*y - 3. What is a(1)?
-10
Let t(h) = 878*h**2 - 1 - 877*h**2 + 5 - 8*h. Determine t(7).
-3
Let y(m) be the third derivative of -7*m**5/30 + 29*m**4/24 + 3*m**3 + 4*m**2. Let q(g) = 5*g**2 - 10*g - 6. Let n(j) = -11*q(j) - 4*y(j). Give n(5).
-11
Suppose 8*l = -5*l + 104. Let u(c) = c - 9. What is u(l)?
-1
Suppose 0 = 5*k - k + 12. Let m = 3 + k. Let y(a) = -a**3 - a - 2. Determine y(m).
-2
Let k(w) = w**2 + w - 3. Let f(a) = -a**3 - 11*a**2 + 11*a - 16. Let g be f(-12). Calculate k(g).
9
Suppose 0 = -2*v + 4*n + 24, 5*v + 1 = -4*n + 19. Let m(g) = g - 3. What is m(v)?
3
Let s(v) = 0*v**3 + v**3 - 7*v**2 - 3*v + 9*v + 6. Determine s(6).
6
Let w(n) = 0*n - 3*n**2 - 2*n + n**3 - 3 - 2*n**3. Let k(v) = v**3 + 5*v**2 + 7*v + 1. Let m be k(-3). Give w(m).
-3
Let x be 2/6 + 75/45. Let a(o) = 2*o + 1. Determine a(x).
5
Let l(f) = f**2 + 4*f + 5. Let y(i) = 5*i**3 + i**2 + 2*i + 1. Let q be y(-1). Determine l(q).
10
Let b be 4/10 - (-16)/10. Suppose -2*c - 2 = b. Let h(x) = -x - 1. Calculate h(c).
1
Let g(m) = m**2 - 6*m - 6. Let h be (-4)/3 - 66/(-9). Calculate g(h).
-6
Let j(k) = -k**2 - 3*k**2 - 3*k - k + 0 - k**3 + 1. Determine j(-3).
4
Let l(w) = w**3 - 7*w**2 - 8*w - 3. Let u be ((-3)/2)/(18/(-96)). Let t be l(u). Let x be (t/4)/((-3)/(-12)). Let i(h) = -h**2 + 4. Give i(x).
-5
Let m(l) be the second derivative of l**4/12 + l**3 + 3*l**2/2 + l. Let v = 1 - -19. Suppose -4*u + 3*p = v, -5*u - 4*p - 25 = -2*p. What is m(u)?
-2
Let h(m) = 5*m - 18 + 19 - 9*m**2 - 4*m. Calculate h(-1).
-9
Let z(n) = 2*n. Let q be 2/8 - 84/16. What is z(q)?
-10
Let q(i) = -2*i - 3 + 4*i - 6*i - 2*i. What is q(-2)?
9
Let y be 100/(-14) - 2/28*-2. Let t(o) = o - 2*o - 5 - 4. Give t(y).
-2
Let c(d) be the first derivative of 7*d + 6 - 3/2*d**2. What is c(5)?
-8
Let g(i) be the second derivative of i**6/360 - i**5/120 + i**4/6 - 4*i. Let w(b) be the third derivative of g(b). Let n be 3 + (3 - (1 + 2)). Determine w(n).
5
Let r(j) = -j**3 + 3*j**2 + 6*j - 2. Let d(v) be the first derivative of -1 + 1/2*v**2 + 13*v. Let s be d(-9). Give r(s).
6
Let p(s) be the first derivative of -s**2 - s - 2. Suppose -2*l + 12 = -4*i - 8, -4 = 4*i + 2*l. Determine p(i).
5
Let h(s) = s**2 - 6*s - 4. Let x be h(6). Let j be 2 + -3 + 7 + x. Let w(z) = 2*z**3 - z**2 - 2*z - 1. Determine w(j).
7
Let w = -1 - -9. Suppose 5*a = 3*a + w. Let r(m) = m + 1. Determine r(a).
5
Let l be (-30)/(-8) - 5/(-20). Let o = l + 3. Let h(p) = p. Calculate h(o).
7
Let y(a) be the first derivative of -5/2*a**2 + 3 + a + 1/3*a**3. Calculate y(5).
1
Let g(o) be the first derivative of o**3/3 - 2*o - 10. Calculate g(-2).
2
Let d(p) = 0 - 2*p - 7*p + 8*p + 6. Determine d(-5).
11
Let c(i) be the third derivative of -i**5/60 - 7*i**4/24 - i**3 - 3*i**2. What is c(-6)?
0
Let w(j) be the first derivative of -j**3/3 + 3*j**2/2 + 7*j + 9. Determine w(5).
-3
Let o(z) be the second derivative of z**7/840 + z**6/360 - z**5/120 + z**4/12 + 5*z. Let h(i) be the third derivative of o(i). Determine h(1).
4
Let c(s) = s**3 + 9*s**2 + 8*s - 3. Let y be c(-8). Let w(h) = -5*h + 3. Calculate w(y).
18
Let o(i) be the third derivative of i**5/20 - i**4/24 + i**3/6 + 2*i**2. Give o(1).
3
Let c(f) = 14*f + 3. Let l be c(-1). Let h(r) = r**3 + 12*r**2 + 11*r + 6. Calculate h(l).
6
Let x(l) = -l**2 - 5 - 7*l + 3 - 2 - 2. Determine x(-6).
0
Let f = 2 + -1. Let h(q) be the second derivative of q**3/2 - q**2/2 + q. What is h(f)?
2
Let x(w) = -6*w - 7. Let s(d) = -7*d - 8. Let l(o) = 5*s(o) - 6*x(o). Let a(f) = f**2 - 5*f + 1. Suppose 8 = 3*i - 4. Let g be a(i). Determine l(g).
-1
Let h(q) be the third derivative of -q**5/60 - q**4/12 - 4*q**2. Determine h(-3).
-3
Let c(y) = -3 + 2*y**2 + 2*y - 3*y - 2*y. Let k be 26/4 - (-1)/(-2). Suppose -6 = 4*m - k*m. What is c(m)?
6
Let c(u) = 6*u - 19. Let l be c(4). Let m(k) = -k**3 + 5*k**2 + 4*k - 7. Calculate m(l).
13
Let f(u) = -22*u**3 - 2*u + 12*u**3 + 11*u**3. What is f(2)?
4
Let i(b) = b + 1. Let r(q) = 2*q + 3. Let d(y) = 5*i(y) - 3*r(y). What is d(-8)?
4
Suppose -3*v - m - 2*m = 9, -3*m = 4*v + 7. Suppose l + 3 + v = -5*t, 2*t - 11 = -3*l. Let h(c) = 5*c + l*c - 4*c - 3. Calculate h(2).
9
Let w(i) be the first derivative of 5*i**4/2 - 5. Give w(-1).
-10
Suppose -4*x + 4 = 4*o - 0, 3 = 3*x - 5*o. Let a(b) = b**2 - 2*b + 0 + 2 + 0 + x. What is a(3)?
6
Suppose 4*s = -3*i - 1, 0 = 2*i - s - 12 + 20. Let b(t) = 2*t**3 - 2*t**2 + 4*t - 3. Let u(m) = -m**3 - m. Let d(n) = -b(n) - 3*u(n). Determine d(i).
-3
Let a(i) = -i + 6. Let z(k) = -8*k. Let w be z(-2). Let q = w + -10. Give a(q).
0
Suppose 2*n - 5 = -5*g + n, g - 3*n - 17 = 0. Let l = -2 - g. Let r(h) = -2*h - 3. Determine r(l).
5
Let t be (-40)/(-32)*(-2)/(-3). Let h(a) be the third derivative of 0 + t*a**3 + 1/24*a**4 - 3*a**2 + 0*a. Give h(-4).
1
Let z(w) = -w**3 + 7*w**2 - w + 7. Let c be z(7). Let y(b) = 